751b34 + -15?
1751b1b
In base 4, what is -2 - -100031021303?
100031021301
In base 2, what is 1010100000100110 - 101011?
1010011111111011
In base 9, what is 85856730 - 21?
85856708
In base 12, what is -796 - -4830?
4056
In base 15, what is -245c24a - 4?
-245c24e
In base 3, what is -12112020 - -221211220?
202022200
In base 3, what is 2002111012220202 + 0?
2002111012220202
In base 2, what is -10 - 100011011001011100111100?
-100011011001011100111110
In base 7, what is -54103 - -231?
-53542
In base 13, what is -7097659 + -3?
-709765c
In base 4, what is -3112 + -3313131?
-3322303
In base 8, what is 2310 + 611?
3121
In base 5, what is 4 + 2004041213?
2004041222
In base 7, what is -13344 - 3161?
-16535
In base 12, what is 26b1 - -1775?
4266
In base 10, what is -3135004 + -70?
-3135074
In base 9, what is -3503676 + -5?
-3503682
In base 10, what is -34 + 527656?
527622
In base 13, what is cc + 5a792?
5a891
In base 14, what is 17a + -9c935?
-9c799
In base 5, what is -13014 - -130133?
112114
In base 14, what is 8b9a336 + 4?
8b9a33a
In base 13, what is 4306886 - -5?
430688b
In base 4, what is -3 + 2023123231021?
2023123231012
In base 4, what is 1002330301231 - 1?
1002330301230
In base 10, what is -550680 + -9?
-550689
In base 4, what is 20303 + -22013301?
-21332332
In base 6, what is 4342024 - -5?
4342033
In base 16, what is 1ebbe + 50?
1ec0e
In base 4, what is 111120031012 + 10?
111120031022
In base 3, what is 1011 - -2202221?
2211002
In base 6, what is 51150 - -1224?
52414
In base 15, what is -ae0b - 93?
-ae9e
In base 6, what is -32101 - -3?
-32054
In base 4, what is 20332232022302 - -10?
20332232022312
In base 10, what is 3 + -576668?
-576665
In base 9, what is -6035 + 1453?
-4472
In base 2, what is -1000111010010111011001 - -111?
-1000111010010111010010
In base 6, what is -321120 - 14350?
-335510
In base 10, what is 465777 + 11?
465788
In base 3, what is 102002202200021112 - 0?
102002202200021112
In base 4, what is -2031010203233 + -1?
-2031010203300
In base 4, what is -102030133 - -2031101?
-33333032
In base 5, what is -344113021000 - -10?
-344113020440
In base 7, what is 1405205 + 24?
1405232
In base 16, what is -7dfb2 + -14?
-7dfc6
In base 2, what is 10000100000000001010 + -1000010?
10000011111111001000
In base 8, what is 30 + 1751223?
1751253
In base 6, what is -3 - -251532124?
251532121
In base 14, what is 11540 + -16?
11528
In base 4, what is 113120130203 - -1?
113120130210
In base 12, what is -3 - -a449425?
a449422
In base 2, what is -1100111001 + -101111010011111100?
-101111100000110101
In base 6, what is -3 - -421152024?
421152021
In base 9, what is 156645 - 1064?
155571
In base 8, what is 130 - -22532416?
22532546
In base 13, what is a325 + -310?
a015
In base 4, what is -11010003222022 - -2?
-11010003222020
In base 7, what is -205465606 - 4?
-205465613
In base 3, what is -12212201 + 122022002?
102102101
In base 9, what is 74014517 - 5?
74014512
In base 16, what is e + -49a5aa?
-49a59c
In base 12, what is -1b2 - -7825?
7633
In base 4, what is -3010302010300 - -110?
-3010302010130
In base 13, what is 485c347 + 2?
485c349
In base 11, what is -361498084 - -5?
-36149807a
In base 3, what is -10110102121012 - -10?
-10110102121002
In base 13, what is -227a41 - -3bb?
-227653
In base 10, what is -118 - 120119?
-120237
In base 13, what is -2 - -a8bc1c6?
a8bc1c4
In base 8, what is 270047 + 237?
270306
In base 8, what is 3 - 31574670?
-31574665
In base 9, what is -1036318 - 34?
-1036353
In base 4, what is 10310 - -312303033?
312320003
In base 16, what is -253 + -3ed0d?
-3ef60
In base 6, what is 45302442 - -4?
45302450
In base 8, what is -2155 - -11500?
7323
In base 11, what is -202601 - 24?
-202625
In base 2, what is -101 + -111011010110000100011?
-111011010110000101000
In base 7, what is -1561316 - 50?
-1561366
In base 8, what is 7014 - -1720?
10734
In base 16, what is 31e - 2f3c?
-2c1e
In base 11, what is 5 - 6a9710a4?
-6a97109a
In base 6, what is -43103450145 + 5?
-43103450140
In base 16, what is 8c6 + 2fba6?
3046c
In base 10, what is -3801 + 165809?
162008
In base 4, what is -22021120 + -1202030?
-23223210
In base 15, what is -d - 68371?
-6837e
In base 4, what is 120323 + 303122332?
303303321
In base 8, what is 1636010 + -1735?
1634053
In base 9, what is -30 + 14720480?
14720450
In base 15, what is 310 + -3a87?
-3777
In base 7, what is 11 - -320600?
320611
In base 5, what is 433131 - -314?
434000
In base 8, what is 2 - 15447656?
-15447654
In base 11, what is -59 + -2762?
-2810
In base 15, what is -993 - -11c0e?
1126b
In base 2, what is 111010101111011 - -11000001101?
111101110001000
In base 11, what is -65 - -77088?
77023
In base 13, what is 1127bb - 68?
112753
In base 15, what is -4c185 + 56?
-4c12e
In base 8, what is 466646 + 77?
466745
In base 2, what is 111001010111 + -100001111100100?
-11010110001101
In base 15, what is -38e0a62 - d?
-38e0a70
In base 4, what is -121003302110 + 0?
-121003302110
In base 7, what is -14621 + -2016?
-16640
In base 4, what is -101201 - 3131203?
-3233010
In base 7, what is -6635113 + 1335?
-6633445
In base 14, what is -ba + -3873?
-394d
In base 5, what is -24142130 - -11300?
-24130330
In base 13, what is -795c + 14b4?
-6478
In base 3, what is -1101220120 - -11020102?
-1020200011
In base 9, what is 7075 + 21711?
28786
In base 14, what is -29431 - -45?
-293ca
In base 14, what is -8122 - 1200?
-9322
In base 3, what is 101011110 + 112100?
101200210
In base 11, what is 7 - 17148648?
-17148641
In base 5, what is -2241 - 203432032?
-203434323
In base 11, what is 12892 + 860?
13642
In base 4, what is -202303 - 211330?
-1020233
In base 7, what is 26 + 246566?
246625
In base 12, what is -31 + a6b744?
a6b713
In base 14, what is 2 - 1301bb?
-1301b9
In base 15, what is -43244 - 13c?
-43381
In base 5, what is -12 + -423104002?
-423104014
In base 15, what is 756cad + a?
756cb8
In base 4, what is 1013220201121 - 10?
1013220201111
In base 15, what is 4 - ca56?
-ca52
In base 2, what is 110100 + -10001010010001?
-10001001011101
In base 14, what is 43 + -7373?
-7330
In base 14, what is -a979055 + 2?
-a979053
In base 5, what is 4041 + -331020?
-321424
In base 4, what is 11220030 - -10000111?
21220201
In base 13, what is 33c3469 - -1c?
33c3488
In base 16, what is -13 + bdf2be?
bdf2ab
In base 9, what is 2 + 1722106?
1722108
In base 2, what is 10010110011001 - 111011101000001?
-101000110101000
In base 13, what is -3424b8 - -2?
-3424b6
In base 11, what is -1 + -52019010?
-52019011
In base 14, what is -4692 - -2a9a?
-19d6
In base 14, what is 2 + -35b278?
-35b276
In base 16, what is fb1b + -27?
faf4
In base 8, what is -71053554 - 62?
-71053636
In base 8, what is -115 + 3776377?
3776262
In base 2, what is 1010100111101101 - -11000110111?
1011000000100100
In base 14, what is d999 - -50?
da09
In base 7, what is -4412110210 + 3?
-4412110204
In base 2, what is 1010111101011100001 - 110110?
1010111101010101011
In base 14, what is 5 + 1b1749d?
1b174a4
In base 16, what is cc3bbb - -1?
cc3bbc
In base 15, what is -36782 - -24?
-3675d
In base 3, what is 100 + 212111112111?
212111112211
In base 5, what is 14 - -243221441?
243222010
In base 7, what is -1 + 142610433?
142610432
In base 12, what is -b84 + 25ab7?
24b33
In base 2, what is 1100100011110110 + 110000100?
1100101001111010
In base 13, what is 3 - -135a51b?
135a521
In base 16, what is -291c0f - 6?
-291c15
In base 14, what is -1a0bb352 - 1?
-1a0bb353
In base 7, what is -5 - 45022440?
-45022445
In base 10, what is 16 + 19587726?
19587742
In base 7, what is -513651406 - 3?
-513651412
In base 15, what is -4 - -17d992a?
17d9926
In base 10, what is -228 + 1140638?
1140410
In base 15, what is -a9102 + 71?
-a9081
In base 15, what is -223225 + 76?
-22319e
In base 3, what is 10010011100 - 1100111?
10001210212
In base 13, what is -b4a0411 - -6?
-b4a0408
In base 7, what is -5 - -124504235?
124504230
In base 6, what is -2345100433 - 3?
-2345100440
In base 14, what is b8a + -1307?
-55b
In base 10, what is 568035 - 501?
567534
In base 12, what is 38 - -5434b6?
543532
In base 16, what is 57e1a14 + 1?
57e1a15
In base 5, what is -42 - 241333442?
-241334034
In base 9, what is 45752123 - 3?
45752120
In base 11, what is -145513 - -2402?
-143111
In base 2, what is -10 + 1011111101000100101100?
1011111101000100101010
In